. Give u(-3).
45
Let q(z) = z**2 + 10*z - 13. What is q(-12)?
11
Let l(n) = -3*n + 25. What is l(11)?
-8
Let o(b) = -b**2 - 7*b. Give o(-5).
10
Let a(n) = n - 14. Give a(7).
-7
Let d(n) = -12*n - 1. What is d(2)?
-25
Let s(w) = w**2 - 5*w - 2. Calculate s(3).
-8
Let w(f) = -5*f**3 - 2*f**2 + f + 6. What is w(2)?
-40
Let i(y) = -2*y + 6. Give i(-5).
16
Let n(w) = -w**2 + 15*w + 157. Determine n(22).
3
Let h(n) = n**2 - 16*n + 28. Calculate h(15).
13
Let v(m) = m + 8. Give v(-7).
1
Let i(h) = -13*h - 2. Calculate i(-1).
11
Let t(o) = -o**2 - 12*o + 11. What is t(-8)?
43
Let c(f) = -2*f**2 - 8*f - 11. Calculate c(-5).
-21
Let f(p) = 2*p**2 - 49*p + 78. Determine f(23).
9
Let n(j) = j**2 + 34*j + 289. What is n(-13)?
16
Let b(x) = -7*x - 45. Calculate b(-5).
-10
Let k(r) = r - 10. Give k(-9).
-19
Let j(k) = 2*k**2 - 3*k - 2. Calculate j(-1).
3
Let d(z) = z**3 - 7*z**2 + 19*z - 15. Calculate d(6).
63
Let d(j) = 2*j - 30. Give d(12).
-6
Let i(s) = 2*s**2 + 4*s - 4. Determine i(-2).
-4
Let z(x) = x**3 - 5*x**2 + 4*x + 7. Determine z(3).
1
Let o(b) = 18*b + 416. What is o(-21)?
38
Let g(t) = -t**3 - 27*t**2 - 72*t + 15. Give g(-24).
15
Let k(t) = -t**2 - 7*t - 6. Calculate k(-6).
0
Let h(s) = s + 12. Determine h(-6).
6
Let v(q) = -2*q + 11. Determine v(27).
-43
Let b(o) = -o**2 + 7*o + 22. What is b(10)?
-8
Let x(r) = -2*r**2 - 53*r + 212. Give x(-30).
2
Let v(o) = -13*o - 94. Determine v(-7).
-3
Let r(u) = u**3 - 7*u**2 - 6*u + 9. What is r(6)?
-63
Let c(w) = 2*w**2 - 4*w - 57. Determine c(-5).
13
Let x(q) = -q + 4. Give x(-14).
18
Let z(v) = -2*v - 1. What is z(-3)?
5
Let f(n) = 2*n**2 + 2*n - 1. Give f(-2).
3
Let a(d) = -d**2 + 8*d + 7. Give a(5).
22
Let h(p) = p**2 + 40*p - 273. Calculate h(-46).
3
Let k(m) = m**2 - 4*m + 2. Give k(5).
7
Let o(s) = 5*s + 67. What is o(-6)?
37
Let d(w) = -w**2 - 6. Give d(0).
-6
Let k(o) = 2*o + 7. Determine k(-4).
-1
Let c(v) = 2*v**3 - 27*v**2 + 14*v + 8. Determine c(13).
21
Let w(m) = m**2 - m + 4. What is w(4)?
16
Let v(r) = r + 8. Calculate v(-25).
-17
Let p(i) = -21*i**2 + i + 1. What is p(-1)?
-21
Let m(s) = s**3 - 12*s**2 - s + 22. What is m(10)?
-188
Let w(u) = -5*u. Determine w(3).
-15
Let a(d) = d**2 + 2*d - 113. What is a(9)?
-14
Let s(n) = -7*n**2 - 140*n - 7. What is s(-20)?
-7
Let d(g) = -2*g**2 - 4*g + 8. What is d(-4)?
-8
Let t(u) = u**2 + 11*u + 16. What is t(-5)?
-14
Let n(q) = -5*q**2 - 26*q + 1. Determine n(-5).
6
Let j(h) = h**2 - 4*h - 8. Determine j(7).
13
Let g(w) = -11*w - 1. Calculate g(4).
-45
Let d(s) = 13*s + 27. What is d(-3)?
-12
Let r(m) = -m**3 + 5*m**2 - 2*m - 4. Determine r(3).
8
Let f(r) = r**3 + 41*r**2 + 114*r + 1. What is f(-38)?
1
Let f(h) = -h**2 + 2*h - 1. Calculate f(4).
-9
Let j(i) = 16*i**2 - 3*i. Determine j(2).
58
Let m(y) = 4*y + 5. Give m(2).
13
Let n(c) = -c**2 + 6*c - 4. Determine n(7).
-11
Let s(k) = -k**3 + 5*k**2 + k - 2. Give s(0).
-2
Let q(m) = -m**3 + 2*m**2 + 2*m. Determine q(2).
4
Let u(p) = -p**3 - 2*p**2 + 8*p - 10. Calculate u(-5).
25
Let c(i) = -i**3 - i + 4. Determine c(4).
-64
Let l(u) = 8*u + 147. What is l(-18)?
3
Let c(w) = -4*w**3 + w**2 - w - 6. What is c(-2)?
32
Let p(t) = 3*t**2 - 17*t - 55. Give p(8).
1
Let m(q) = -q**2 + 42*q + 142. What is m(45)?
7
Let f(b) = -3*b**3 + 25*b**2 - 9*b + 8. Calculate f(8).
0
Let t(n) = 4*n**3 - n**2 + n + 1. Calculate t(-1).
-5
Let w(u) = u**2 - u - 10. Calculate w(-3).
2
Let p(d) = 6*d + 10. Determine p(-3).
-8
Let j(i) = -i**2 - 9*i - 24. Calculate j(-7).
-10
Let i(p) = -p**3 - 8*p**2 + 4*p - 11. Determine i(-8).
-43
Let x(m) = m**3 - 15*m**2 + 14*m - 14. What is x(14)?
-14
Let a(h) = -h**3 - 7*h**2 + 9*h - 11. What is a(-8)?
-19
Let v(s) = -s**3 - s**2 + 13*s + 21. Determine v(-4).
17
Let c(h) = h**2 - 6*h + 7. Calculate c(7).
14
Let o(n) = -6*n - 13. Give o(-4).
11
Let a(o) = -o**2 - 7*o - 9. What is a(-6)?
-3
Let i(j) = -j**2 - 12*j - 5. Calculate i(-12).
-5
Let v(q) = -q**2 - 9*q + 7. Calculate v(-9).
7
Let k(l) = l**2 + 14*l + 61. Determine k(-6).
13
Let i(u) = -u**2 + 8*u - 8. Calculate i(8).
-8
Let u(h) = 2*h**3 + 2*h**2 - h. Give u(-3).
-33
Let n(h) = 10*h - 51. Give n(6).
9
Let z(t) = t**3 + 3*t**2 + 2*t + 2. Determine z(-4).
-22
Let c(z) = 7*z + 4. Give c(-1).
-3
Let l(i) = 4*i + 79. Give l(-12).
31
Let o(m) = 10*m**3 + m**2 + 3*m - 1. Determine o(-2).
-83
Let k(f) = -5*f - 31. Calculate k(-6).
-1
Let o(c) = c**2 + 11*c - 15. Give o(-12).
-3
Let w(f) = -f**2 + 12*f - 31. What is w(5)?
4
Let f(t) = t**2 + t - 49. Determine f(7).
7
Let z(g) = g**2 + 14*g - 161. Give z(8).
15
Let c(u) = 2*u + 24. Determine c(14).
52
Let u(a) = -a**3 + 6*a**2 - 2*a + 11. Give u(6).
-1
Let r(d) = d**3 + 8*d**2 + 8*d + 11. Calculate r(-7).
4
Let x(m) = -m**3 - 7*m**2 - m + 4. What is x(-7)?
11
Let i(v) = -v**2 + 9*v - 10. What is i(8)?
-2
Let c(z) = -z**3 - 3*z**2 - 3*z + 1. What is c(-3)?
10
Let p(x) = -x**2 + 5*x - 4. Give p(0).
-4
Let x(b) = 21*b - 1. What is x(1)?
20
Let q(d) = -d**2 + 36*d + 203. What is q(-5)?
-2
Let u(q) = 6*q + 2. Give u(-6).
-34
Let j(s) = s**3 - s**2 - 6*s - 7. Give j(4).
17
Let p(f) = -f**2 + 16. Determine p(-5).
-9
Let m(y) = -y**2 - 11*y - 6. Determine m(-11).
-6
Let s(f) = f**2 - 7*f + 12. Give s(8).
20
Let s(l) = -l**3 - 6*l**2 - 5*l - 4. Calculate s(-6).
26
Let z(j) = 4*j - 62. Calculate z(18).
10
Let c(q) = -17*q - 150. Give c(-9).
3
Let p(f) = -17*f + 4. Give p(4).
-64
Let t(v) = 2*v**2 + v - 5. Give t(3).
16
Let r(v) = 11*v - 64. Give r(7).
13
Let d(h) = h**3 - 8*h**2 + 8*h - 7. Determine d(7).
0
Let h(x) = -4*x**2 - 39*x - 71. Determine h(-2).
-9
Let j(x) = 2*x**3 + 22*x**2 + 15*x - 15. Give j(-10).
35
Let m(y) = -y**3 - 14*y**2 - 9*y + 18. Give m(-13).
-34
Let k(c) = 22*c - 12. What is k(-6)?
-144
Let k(s) = s**2 - 12*s + 35. Determine k(7).
0
Let m(f) = 7*f - 2. Calculate m(6).
40
Let i(r) = 2*r**2 + 34*r + 31. Calculate i(-16).
-1
Let y(r) = -6*r + 35. Give y(-6).
71
Let j(z) = -2*z - 28. What is j(-17)?
6
Let o(h) = h**3 - 11*h**2 + 18*h - 2. Calculate o(9).
-2
Let v(x) = 2*x - 50. Determine v(-13).
-76
Let d(g) = g**2 + 20*g - 7. Determine d(-18).
-43
Let l(p) = p**2 - 16*p - 29. Determine l(17).
-12
Let j(i) = -i**3 + 7*i**2 - 5*i - 1. Calculate j(6).
5
Let g(l) = 7*l + 12. Give g(-2).
-2
Let r(w) = -w**2 + 15*w - 29. What is r(13)?
-3
Let m(p) = 13*p + 32. Calculate m(-4).
-20
Let u(w) = w**3 + 6*w**2 + w - 11. What is u(-4)?
17
Let s(y) = -y**2 + 12*y - 10. What is s(11)?
1
Let n(y) = y**3 + 7*y**2 - 2*y + 4. Give n(-7).
18
Let y(l) = -l + 12. What is y(10)?
2
Let q(z) = -2*z**2 - 16*z - 2. Determine q(-7).
12
Let z(x) = -x**3 - 15*x**2 - 58*x - 10. Determine z(-9).
26
Let p(b) = 5*b + 7. Calculate p(-5).
-18
Let k(o) = -7*o**2 - 12*o - 8. Determine k(-3).
-35
Let m(k) = -k**2 + 22. Calculate m(0).
22
Let x(q) = q**2 + 8*q - 42. Determine x(6).
42
Let r(i) = 3*i**2 - 52*i + 13. Determine r(17).
-4
Let o(h) = -h**2 - 11*h + 7. Give o(0).
7
Let t(r) = -11*r - 21. Calculate t(-2).
1
Let x(j) = 2*j**2 - 1. Give x(-2).
7
Let w(g) = g**3 - 3*g**2 - 24*g - 3. Calculate w(7).
25
Let a(u) = -u**3 + 6*u**2 - 8*u + 4. Determine a(5).
-11
Let k(x) = -x**2 + 10*x + 23. What is k(11)?
12
Let c(h) = -19*h - 39. Calculate c(-2).
-1
Let d(f) = -25*f + 24. What is d(-2)?
74
Let o(p) = 2*p - 8. What is o(4)?
0
Let o(n) = -n**3 - 5*n**2 + 10*n + 21. Determine o(-6).
-3
Let q(x) = x**3 + 4*x**2 - x - 1. Give q(-4).
3
Let n(w) = -99*w**2 + 1. Calculate n(1).
-98
Let o(u) = -12*u + 25. Determine o(7).
-59
Let m(u) = u**2 + 25*u - 12. Determine m(-21).
-96
Let b(g) = -5*g - 3. What is b(5)?
-28
Let s(a) = 14*a + 652. Calculate s(-46).
8
Let m(k) = -k**2 - 40*k - 175. Determine m(-5).
0
Let f(x) = -32*x + 574. Calculate f(18).
-2
Let a(g) = 11*g + 56. What is a(-4)?
12
Let f(a) = 3*a + 31. Give f(-7).
10
Let u(o) = -o**3 + 6*o**2 + o + 6. Calculate u(6).
12
Let v(t) = -t**2 - 15*t + 37. Calculate v(-14).
51
Let v(s) = s**3 + 9*s**2 + 14*s - 2. Calculate v(-7).
-2
Let v(z) = -2*z**2 + 26*z - 35. What is v(12)?
-11
Let d(k) = k**3 - 34*k**2 - 32*k - 81. Determine d(35).
24
Let p(u) = u**2 + 4. Determine p(-3).
13
Let m(c) = -136*c**2 - 2*c - 1. Calculate m(-1).
-135
Let b(q) = 4*q**2 + 4*q + 2. What is b(-2)?
10
Let m(r) = -r**2 + 3*r + 8. Calculate m(-5).
-32
Let v(i) = i**3 - 8*i**2 + 12*i. Calcu